e 0*p + 4*p + y*a = 8, -5*a - 4 = -2*p. Let o(n) = -n**3 + 4*n**2 - 2*n + 3. What is the units digit of o(p)?
7
What is the units digit of ((4 - 8) + 332/(-6))*-3?
8
Suppose t + 3*l - 24 = 0, 5*l = -3*t + 3*l + 79. What is the units digit of 4 + -3 + t/1?
8
Let v(h) = -10 + 2*h**2 + 3*h**2 - 8*h + 14*h - 4*h**2. What is the units digit of v(-9)?
7
Suppose f = 6*f + 95. Let h = f + 35. What is the tens digit of h?
1
Let q = 103 + -62. What is the tens digit of q?
4
Suppose 4*j + j - 43 = -2*y, -2*j + 6 = -2*y. Suppose -4*x + 4*o + 76 = 0, 2*x - 2*o - 10 = -j*o. What is the tens digit of x?
1
Let m = 19 + -9. Suppose 7*p - m = 2*p. Suppose -p*x = -4*l + 46, 3 = -3*x - 0*x. What is the units digit of l?
1
Let b be 3 - (3/(-3) - -1). Let c(i) = -i - 1. Let r(k) = 2*k. Let m(a) = b*c(a) + r(a). What is the units digit of m(-7)?
4
Let h(f) = -3*f - 11. Let q be h(-6). Let p = q + 0. What is the units digit of p?
7
Suppose 482 = 3*k + 140. What is the units digit of k?
4
Let p(d) = d**3 - 3*d**2 - 5*d + 3. Let w = 6 - 2. Let f be p(w). What is the units digit of f - (7*-1 - 0)?
6
Let f be ((-2)/(-3))/(10/15). Let u(i) = 2 + 1 - f + i - 1. What is the units digit of u(8)?
9
Let t(z) = -z**3 + z**2 + 3*z + 4. Let l be t(3). Let d = 7 + l. Suppose 4*c - 26 = -p, -3*p - d*c = -4*c - 50. What is the units digit of p?
8
Let m(p) = -p**3 + 5*p**2 + 6*p + 4. Let o be m(6). Suppose -o = -i + 5*i. What is the units digit of ((-9)/(-12))/(i/(-12))?
9
What is the tens digit of 1/(-4) - (-606)/24?
2
Suppose x - 3*x = -b - 6, -3*b = -2*x - 2. What is the units digit of ((-2)/b)/((-3)/48)?
8
Let x(a) = a**3 - 2*a**2 - 4*a + 4. What is the units digit of x(3)?
1
Suppose -5*s - 50 + 0 = 5*j, 0 = -j + s. Let d(o) = 3*o**2 - 3 + 3 - 6*o - 4*o**2. What is the units digit of d(j)?
5
Suppose -2*a + 3*w = 4*w - 36, -2*a - 3*w + 32 = 0. What is the tens digit of a?
1
Let z = 10 - 6. Suppose -7*p + z = -3*p. What is the units digit of p?
1
Suppose 0 = -t - 3*c + 51, -t + 27 + 20 = c. Suppose 3*m + 0 - 6 = 0. Suppose -3*a = m*a - t. What is the units digit of a?
9
Let j = -2 - -4. Suppose 5*w - 17 = d, 0*d + j*w + 22 = 4*d. What is the units digit of d?
8
Suppose o + 5*v - 26 = 0, 3*o - 2*v + 5 = -2. Let x = 11 + o. What is the tens digit of x?
1
Let c(y) = 2*y + 1. Let h be -2 + 3 - (4 - -1). Let r(q) = q**2 + 2*q - 4. Let i be r(h). What is the units digit of c(i)?
9
Suppose 4*k = v - 16, 4*v = 4*k + 47 - 7. What is the units digit of (-14)/(-8) + (-6)/v?
1
Let c = 129 - 49. What is the tens digit of c?
8
Let o(y) = y**3 + 10*y**2 - 12*y - 6. Let b be o(-11). Suppose b*s = 2*a + 71, -7*s + 2*s = -4*a - 77. What is the units digit of s?
3
Let s be ((-6)/6)/(1/(-12)). What is the units digit of ((-12)/(-7))/(s/168)?
4
Let g(s) = -s - 10. Let p be g(-10). What is the tens digit of (-2 - -35) + p + -2?
3
Let q = -6 - -8. Suppose 7 = -k + 3*i, k + 5*i - 35 = -q*k. Suppose -15 = 2*j - k*j. What is the units digit of j?
5
Let t(n) be the first derivative of -n**5/60 - 11*n**4/24 - 2*n**3 - n**2/2 - 3. Let y(d) be the second derivative of t(d). What is the tens digit of y(-8)?
1
What is the units digit of 4/2 + (-4 - -25)?
3
Let v(i) = 2*i**3 + i**2 + 2*i + 1. Let n be v(-1). Let y be ((-20)/15)/(n/(-6)). What is the units digit of (-2)/y + 7/2?
4
What is the units digit of (-2 + -1)*(-32)/3?
2
Let r = 37 + -18. Let w = r - 0. Let h = w - 12. What is the units digit of h?
7
Suppose o + 0 + 21 = 0. Let i = -3 - o. What is the units digit of i?
8
What is the tens digit of (-6)/4*282/(-9)?
4
Let l(z) = -z**2 + 9*z + 6. Let s be l(8). Suppose 4*d = 82 + s. What is the tens digit of d?
2
Let z(n) = 2*n**2 + 4*n - 6. Let a = 27 + -24. What is the tens digit of z(a)?
2
Let g(b) = -3*b**2 - 33. Let n(s) = s**2 + 11. Let d(l) = -6*g(l) - 17*n(l). What is the units digit of d(0)?
1
Suppose -140 - 118 = -u. What is the units digit of u?
8
Suppose -p + 6 - 1 = 0, -3*z + 4*p + 964 = 0. What is the units digit of z?
8
Let u(j) = 9*j**2 + j. Let c be u(-1). Suppose 3*x - 34 = c. What is the units digit of x?
4
Let j = -2 + 36. Suppose 0 = b - p - j, 0 = -4*b + b + p + 98. Let z = -20 + b. What is the units digit of z?
2
Suppose 36 = -a + 5*a. Let n = a + -5. Suppose -20 = -n*j - 2*k, 0 = 5*j + 2*k - 4 - 23. What is the units digit of j?
7
Let x(h) = h + 0*h - 7*h**2 + h**3 + 6 - 3. Let o be x(7). Suppose y - o + 3 = 0. What is the units digit of y?
7
Let a be (-18)/12*16/(-6). Suppose -5*q - 25 = 0, -3*y - 21 = 4*q - 1. Suppose -f - 3*x - 7 + 2 = y, a*f - 24 = -x. What is the units digit of f?
7
Let b be (-8)/12 + 40/(-3). What is the tens digit of 8/6*(-147)/b?
1
Suppose 4*c + 0*c - 60 = 0. Suppose -3*j - c = -3*o + 2*o, 5*j + 3*o = -25. Let s(k) = -k**3 - 5*k**2 + 7. What is the units digit of s(j)?
7
Let r(c) be the first derivative of c**4/4 - 5*c**3/3 + c**2/2 + c + 1. What is the units digit of r(5)?
6
Let v = 17 - 12. Let p = 10 - v. Suppose p*k = k + 4. What is the units digit of k?
1
Let y(z) = -12*z + 11. What is the tens digit of y(-6)?
8
Let s be 10/(-4)*(-6)/5. Let l(p) = 8*p + 4. Let x be l(1). Suppose 3*d - x = -s*a, -d + 0*d = 1. What is the units digit of a?
5
Let s = -8 + 10. What is the units digit of (-3)/s*(-12)/18?
1
Let j(x) = 24*x**3 - x**2 + 1. Let c be j(-1). What is the units digit of -4 + 7 - (c - 1)?
8
Let z(o) = o**3 + 10*o**2 - o - 6. Let f be z(-10). Suppose -5*u + 3*u = -f. Suppose u*g - 10 = -2. What is the units digit of g?
4
Let v = -6 + -22. Let y = 62 + v. What is the units digit of y?
4
Suppose -7*k + 3*q = -2*k - 364, -4*k = 5*q - 306. What is the units digit of k?
4
Let r = 46 - 18. What is the tens digit of r?
2
Let i(z) = z**3 - 14*z**2 + 14*z + 2. What is the units digit of i(13)?
5
Let b(s) = 6*s + 122. What is the units digit of b(0)?
2
What is the units digit of 7233/66*2 - (-4)/(-22)?
9
Let v(g) = g**3 + 95. Let o be v(0). Suppose 6*x - x - o = 0. What is the tens digit of x?
1
Let u be -2 + (2 - 0 - 0). Let i be (-3 + 3)*1/2. What is the units digit of (i - u)/(-2) - -9?
9
Let j be (60/(-9))/(2/(-15)). Suppose j = -3*t - t - a, -58 = 4*t - 3*a. Let l = t + 26. What is the tens digit of l?
1
Let m(q) = q**3 - 2*q**2 + q + 1. Let v be m(2). Suppose -v*y + 6*y = 39. What is the tens digit of y?
1
Suppose -g - 2*g - 12 = 0. Let n = 12 - g. What is the units digit of n?
6
Let z = 181 + -99. What is the units digit of z?
2
Let s(o) = -o**3 - 6*o**2 - 3*o + 4. Let x be s(-5). Let r(z) = -5*z + 6. What is the units digit of r(x)?
6
Let m = 19 + 51. Suppose 3*l = -3*q + 78, -l - m = -3*q - 0*l. What is the tens digit of q?
2
Let p be -1 + 64/(2/2). Suppose 0 = w + 2*w - 15. Suppose 3*v - 33 = -2*n, v + p = w*n + 2*v. What is the units digit of n?
2
What is the units digit of 33 - (12/(-4) + 2)?
4
Suppose 4*r = -4*v + r + 367, -5*r = v - 79. What is the tens digit of v?
9
Let m = -4 + 7. Suppose 0 = 5*u - 2*u + 3*b - 18, 5*b = m*u + 6. Suppose 11 = 2*q - u*h, 5*h + 11 = 3*q - 4. What is the tens digit of q?
1
Suppose -2*k + 6*k = 4*w - 332, 3*w + k = 269. What is the units digit of w?
8
Suppose t = -p + 46, 0 = 4*p - 2*t + 7*t - 187. What is the units digit of p?
3
Let u(w) = -8*w**3 + 1. Let n = 2 + -1. Let f be u(n). Let h = f + 12. What is the units digit of h?
5
Let q = 8 - 5. Suppose q*k + 5*f = 14, 0 = -f - 0 - 5. What is the tens digit of k?
1
Suppose 3*g = -p + 2, 5*p - 9 = -4*g + 12. Suppose 0 = p*q + 10 - 170. What is the units digit of q?
2
Let n be (-1)/2*(-84)/(-3). Let i be n/(-2) + (-2 - -2). Let c = i - 3. What is the units digit of c?
4
Suppose v = 3*a, 3*a - 20 = -a. Let c = -10 + v. What is the units digit of c?
5
Let l(j) = j + 19. Let r be l(-9). Let v be r/5*(0 - 1). What is the units digit of 4/(-3*v/12)?
8
Let d = -53 - -90. What is the tens digit of d?
3
Let k(z) = -z**2 - 13*z - 5. Suppose -3*l + g = -g + 30, -5*l - 50 = 2*g. What is the units digit of k(l)?
5
Let b(y) = -y**2 - y + 1. Let k(v) = -v**3 - v**2 - 2*v + 1. Let x(z) = -3*b(z) + k(z). What is the units digit of x(-2)?
2
Let d(y) = 15*y**3 + 3*y**2 - 4. What is the tens digit of d(2)?
2
Let k = -16 + -7. Let t = -6 - k. What is the units digit of t?
7
Let v(q) = 19*q**2 - 1. What is the units digit of v(1)?
8
Let a(b) = 3*b + 2. Let z be a(3). Suppose 4*d - 27 + z = 